. Let d(n) = -3*n - 18. Let a(j) = 9*d(j) - 4*g(j). Give a(6).
-8
Let f(i) be the third derivative of i**4/12 - 7*i**3/6 + i**2. Suppose -3*j + 0 = -18. Let b(k) = -k**3 + 6*k**2 + 3*k - 12. Let g be b(j). Determine f(g).
5
Let p(m) be the first derivative of -m**3/3 + 7*m**2/2 - 6*m + 2. Let l = -9 - 0. Let f be ((-9)/(-2))/(l/(-12)). What is p(f)?
0
Let f(b) = -1 + 4 + 3*b - 2. Suppose 3*j + 2*g - 11 = 0, -3*g + 13 = j - 0*j. Suppose 2 + j = -3*d. Determine f(d).
-2
Let m(u) = 4*u**3 - 37*u**2 - 9*u + 19. Let j(h) = 5*h**3 - 3*h**3 + 2*h + h**2 - 3*h**3 - 5 + 8*h**2. Let q(o) = -9*j(o) - 2*m(o). Calculate q(7).
7
Let f(u) = u. Let s(v) = 2*v. Let p(a) = a**2 + 7*a + 3. Let w be p(-6). Let b(y) = w*f(y) + 2*s(y). Determine b(-4).
-4
Let p(z) = z**2 + 5*z + 4. Suppose 35 = -4*x - 21. Let j = 9 + x. Determine p(j).
4
Let g(k) be the second derivative of 0 + 5*k - 1/2*k**2 - 1/6*k**4 - 1/3*k**3 + 1/20*k**5. Determine g(3).
2
Let n(p) = p - 9. Suppose -2*h = -h. Determine n(h).
-9
Let i(y) be the first derivative of y**4/4 - 7*y**3/3 - 3*y**2 + 6*y + 1. Determine i(8).
22
Let b(s) = 2*s**2 + 6*s + 7. Let c be b(-3). Suppose c*q - 5*q - 8 = 0. Let z(k) = -k + 4. What is z(q)?
0
Let l(o) be the third derivative of -o**5/60 + 5*o**4/12 - 3*o**3/2 + 41*o**2. What is l(9)?
0
Let p(r) = r**2 + 3*r + 1. Let q(y) = -y + 3. Suppose 0 = 5*u - 10*u + 25. Let i be q(u). Calculate p(i).
-1
Let p(q) = q + 2. Let y = -4 - -4. Give p(y).
2
Let s = -2 - -3. Suppose -s = n - 7. Let t(v) = 2 - v - 2*v**2 + v**3 + 5*v**2 - n. Calculate t(-3).
-1
Let t(y) = -y + 9. Let p = -39 + 44. Determine t(p).
4
Let t be 6 + (2 + -1 - 2). Let h(v) be the second derivative of v**4/12 - v**3 + 7*v**2/2 + 4*v. Determine h(t).
2
Suppose -3*o + 1 = -17. Suppose 2*x + o = 0, j + 28 = 6*j - x. Let s(n) be the first derivative of -n**4/4 + 2*n**3 - 7*n**2/2 + 3*n + 1. Give s(j).
-7
Let k(x) = 6*x + 9. Let c(n) = 4*n + 5. Let s(f) = 7*c(f) - 4*k(f). Calculate s(3).
11
Let g(t) = t**3 + 6*t**2 + 7*t + 6. Suppose 10 = -6*i + 4*i. Give g(i).
-4
Let i(u) be the first derivative of -3*u**2 - 2*u + 16. Calculate i(-2).
10
Let c(q) = -2*q**2 - 2*q. Let m(o) = o**3 - 6*o**2 - o + 8. Let k(t) = t**3 - 5*t**2 - 4*t - 6. Let z be k(6). Let r be m(z). What is c(r)?
-12
Let o(v) = 2*v + 6. Let n = -8 - -3. Determine o(n).
-4
Suppose -5*f + f - 4 = 0. Let h(r) = 4*r - 1. Let b(v) = 5*v - 1. Let x(p) = -5*b(p) + 6*h(p). What is x(f)?
0
Suppose z + 0 = 5*g + 9, 2*g - 4*z + 18 = 0. Let w(v) be the second derivative of -v**4/2 + v**3/3 + v**2/2 - 70*v. Determine w(g).
-7
Let k = 208 + -3119/15. Let m(f) be the third derivative of 0 - 1/6*f**4 - 1/120*f**6 - k*f**5 - 1/2*f**3 + 0*f + f**2. What is m(-2)?
-3
Let o be 54/10 - (-2)/(-5). Suppose -o = -f - 3. Let c be f - (0 + 1)*-2. Let y(k) = k**3 - 3*k**2 - 6*k + 1. Calculate y(c).
-7
Let j be ((-48)/(-30))/(1/(-5)). Let x = -14 - j. Let l(q) = -2*q - 8. Determine l(x).
4
Let o(t) = t**2 - t - 1. Let v(r) = 7*r**2 + r - 6. Let f(z) = 6*o(z) - v(z). What is f(-6)?
6
Let k = -13 - -9. Let a be 34/k - 4/(-8). Let x be a/12*6*1. Let d(l) = l**3 + 5*l**2 + 3*l + 3. What is d(x)?
7
Suppose 3*m = m - 3*v - 8, 5*v - 4 = m. Let x(r) = r + 3. What is x(m)?
-1
Let v(s) = -2*s**2 + 5*s - 3. Suppose 5*b + 19 + 6 = -5*p, -10 = 2*b + 5*p. Let w be (b/2 + 1)*-2. Determine v(w).
-6
Suppose -5*d + 5*y + 15 = 0, -3*d + 0*d - 2*y - 11 = 0. Let h(c) = 11*c**2 + c. Determine h(d).
10
Let u = 4 + 4. Suppose o = 3*o + u. Let w(f) = -3*f - 4. Determine w(o).
8
Let n(i) = 4*i + 2*i + 2*i**2 - 4*i - 3*i**3 + 2*i**3. Calculate n(2).
4
Let b = 12 + -12. Let i(a) = -a**2 - 5. What is i(b)?
-5
Let h(b) = -b**3 - b**2 + 2. Suppose 4*r = -0*r + 48. Let m = r - 8. Suppose 0 = -j + 3, -4*j + 20 = -m*n - 0*j. What is h(n)?
6
Let p(i) = -i**3 + 6*i**2 + 8*i - 5. Suppose -f - 4*y = -15, 0 = 3*y - 3 - 3. Calculate p(f).
2
Let y(q) be the third derivative of 1/24*q**4 + 1/60*q**6 + 0*q - 1/60*q**5 + 5*q**2 + 0 + 1/6*q**3. Determine y(-1).
-3
Suppose -5*x = -5*s + 30, -4*x + x = -5*s + 22. Let l(j) = 5*j - 7 + 0*j + s*j**2 - j**2. Let o = -10 + 5. Give l(o).
-7
Let s(z) = -z + 1. Let h(i) = -5*i. Suppose 2 = 3*f - 16. Let q(y) = f*s(y) - h(y). Determine q(5).
1
Suppose 2*m - 87 = -81. Let i(k) = 2*k - 2. Give i(m).
4
Suppose -3*p = -v + 4 + 1, 4*v + 10 = -3*p. Let i(h) = -5*h**2 + 7*h - 2. Let r = 0 + -1. Let y(s) = s**2 - s + 1. Let w(k) = r*i(k) - 4*y(k). Give w(p).
8
Let t(c) be the third derivative of c**4/12 - c**3 - 3*c**2. Let w(u) = u - 3. Let o(n) = -3*t(n) + 5*w(n). Suppose -3*q - q = -20. What is o(q)?
-2
Suppose 0 = -2*k + 8. Let a(r) = -r**2 - 3*r - 7. Let y(i) = 5*i**2 + 12*i + 29. Let o(p) = 9*a(p) + 2*y(p). What is o(k)?
-1
Let f(p) = p**3 - 2*p**2 + p. Let l be 81/6*(-4)/(-6). Let q(o) = -o**2 + 9*o + 1. Let d be q(l). Determine f(d).
0
Let m = -8 + 11. Let d(r) = r - 6. Let s(l) = -l + 6. Let q(c) = 5*d(c) + 4*s(c). Give q(m).
-3
Let s(l) = -l**2 - 5*l - 6. Let z(n) = n**2 + 5*n + 6. Let f be -2 + (-2 + 2)*1. Let g be -1 + 0 - (0 + 2). Let a(r) = f*z(r) + g*s(r). Give a(-4).
2
Let c(y) = -5*y + 4. Let x(d) = 6*d - 5. Let g(b) = -7*c(b) - 6*x(b). What is g(2)?
0
Let u(g) = -g. Let a(k) = 5*k + 7. Let n(o) = a(o) + 6*u(o). Let r(d) = -5*d**3 + 3*d**2 + 2*d. Let w be r(-1). Determine n(w).
1
Let q(c) be the second derivative of 1/20*c**5 + 0 + 1/6*c**3 - 3*c + 1/4*c**4 + 1/2*c**2. Determine q(-2).
3
Let g(w) = -w + 8. Suppose 5*p - 1 = 9. Let t be (p + -4)*(-5)/2. Suppose i - t = -0*i. Calculate g(i).
3
Let h(y) = -3*y**2 + 3*y + 0*y - 1 + 3*y + 2*y**3 - 3*y. Suppose 14 = 2*a - 3*d - 2*d, 5*d + 20 = 5*a. What is h(a)?
9
Let y(z) be the first derivative of -z**4/4 + z**3/3 - z**2/2 - 3*z - 2. Determine y(0).
-3
Let g(i) = i**2 - 9*i + 7. Let q be g(7). Let b(r) = r**2 + 9*r + 6. Determine b(q).
-8
Let m(i) = i - 3. Let n = -7 - -13. Let f = 12 - n. Determine m(f).
3
Let d(g) = 14 + g**3 - 2*g - 2*g**3 - 10 - 6*g**2. Give d(-5).
-11
Let d(j) = j**2 - 2*j - 1. Let w(b) = -b**2 + 7*b + 10. Suppose -3*r + 16 = -r. Let q be w(r). Suppose -q = -4*l - 5*x, 4*l + l - 2*x = -14. Calculate d(l).
7
Let m = 66 + -63. Let v(s) = -s. Determine v(m).
-3
Suppose -75 = -28*v + 3*v. Let f(c) = -6*c**3 + 8*c**2 + 2*c + 8. Let n(y) = 7*y**3 - 9*y**2 - 3*y - 9. Let w(j) = -6*f(j) - 5*n(j). Calculate w(v).
6
Let v(b) = -b**2 - b - 2. Let w be (1 + 2)*(-4)/(-3). Let f = -3 + w. Suppose -t - 1 = f. What is v(t)?
-4
Let w(n) = n**2 + 6*n - 3. Let z = 73 + -57. Let v = -19 - -29. Let f = v - z. Give w(f).
-3
Let y(o) = 3*o**2 + 2*o. Let x(u) = -u**2 - 5*u. Let i be x(-4). Suppose 2*p + i + 0 = 0. Determine y(p).
8
Let o(u) be the first derivative of u**3/3 + 5*u**2/2 - 4*u + 30. Suppose 6*c = 2*c + 16. Suppose -2*n - 32 = c*a, 3*n + 5 = -7. Calculate o(a).
2
Let y(m) = -m - 3. Let a be (40/(-30))/((-4)/6). Let x be 67/(-13) + a/13. Determine y(x).
2
Let i(s) = -s**2 + 4*s + 5. Let j be -1*(6/2 - 7). Determine i(j).
5
Let j(l) = l**3 - 6*l**2 - 3*l + 7. Suppose -4*d - 21 = -o, 0 = -2*o + 2*d - 1 + 31. Let g = o + -7. Determine j(g).
-11
Let s(q) = -1 + 10*q**2 + 2 + 10*q**2 - 8*q**2. Let j = 2 - 1. What is s(j)?
13
Let i(q) be the second derivative of q**2 + 0 - 5*q + 1/6*q**3. Give i(3).
5
Let t(r) = r - 5. Let p(v) be the second derivative of -v**3/6 + v**2/2 - 2*v. Let i be p(-4). Give t(i).
0
Let l(c) = c - 2. Let g be l(5). Let f(d) = -7*d**2 + 4 + 6*d**2 - g. Determine f(0).
1
Let x be 4/(-10) - 54/(-10). Suppose 0*o + 22 = -2*o + 5*v, 0 = -x*v + 20. Let y(h) = 0*h + 4*h**3 - h + 4*h**3. What is y(o)?
-7
Let m(g) = -5*g**2 - 4 - g**3 + 2 - 2*g**2 - 5*g + 3. Suppose -5*z - 3*n = n + 18, 0 = 2*z + n + 9. Determine m(z).
-5
Let t(f) = -20*f + 29*f - 18*f - f**2 + 2*f**2. Calculate t(9).
0
Let k(h) = -5*h. Let d(u) = -u. Let n(w) = -6*d(w) + k(w). What is n(-5)?
-5
Let v be (5 - (-76)/(-16))*12. Let z(m) = 19*m - 6. Let d(y) = -3*y + 1. Let o(l) = -39*d(l) - 6*z(l). What is o(v)?
6
Suppose -4*i - 2*s + 6*s + 28 = 0, -i - 11 = 5*s. Let d = -5 + 7. Let a(r) = -i*r**2 + 0*r**3 - r**3 + d + 0*r**3. Calculate a(-4).
2
Let d = 24 + -9. Let a = 10 - d. Let k(z) = -z**3 - 5*z**2 - 2*z - 6. What is k(a)?
4
Let v(x) = -7 + 0*x - 5*x + x**2 - x - 4. What is v(8)?
5
Let n = 4 - 1. Suppose -n*d - 3 = -2*v - 23, -2*v